4)/10 - 1/5*i. Is (192/(-9) + 5)*(d + 0) composite?
True
Let v = -50 + 58. Let c(n) = n**2 + v*n**2 + 1 - 39*n + 6. Is c(11) a prime number?
False
Suppose 23*p = -20*p + 2279. Suppose p*v = 49*v + 23020. Is v a composite number?
True
Suppose -11 - 105 = -4*l. Let m = 29 - l. Suppose m = -5*h + 2245 + 685. Is h a prime number?
False
Suppose -4*i - u + 39 = -i, -2*i - u + 27 = 0. Suppose i*x - 7*x = 48595. Is x a prime number?
True
Let a be (5 - 7)*1 - -4499. Let i = a - 2806. Is i composite?
True
Let d(r) = -153*r**3 - 2*r**2 - 17*r + 25. Is d(-9) composite?
True
Suppose 5*g + 2*o = -2936, g + 527 = 4*o - 47. Let l = g + 1150. Suppose -4*d + 4*n = -1147 - 1117, -n = d - l. Is d composite?
True
Let o be (-1 - (-6)/(-3))*32/24. Let t be 1/1*o - -1. Is 1582/6 - 4/t a prime number?
False
Let f = -94558 - -167937. Is f prime?
True
Let t(c) be the first derivative of 683*c**2 - 5*c - 27. Is t(1) a composite number?
False
Suppose 24*p - 27*p - 3 = 0, -3*l - 3*p + 10218 = 0. Let z = l + -2125. Is z composite?
True
Let s(y) = -y - 20. Let c be s(-23). Suppose -4*a = -3*d + 4*d - 267, -2*d = -c*a - 490. Suppose 0 = -2*j + p + 174, -5*j - 2*p + d = -184. Is j composite?
True
Let r = -398 - -400. Is (-1139 + -18)/(-3 + r) a composite number?
True
Let m be (-12)/6 + 2*2. Suppose -2*d - 8 = -4*q, 0*q + 4 = 2*d + m*q. Suppose 4*t = d, -3*k + 2*t = -2*t - 114. Is k composite?
True
Suppose -5*d = f - 1718, -7481 = -3*f - d - 2369. Let i = f + -1074. Is i*((-24)/16)/((-3)/2) a prime number?
False
Suppose -2*b - 8262 = -0*b. Suppose -212494 = -40*y + 21426. Let q = y + b. Is q prime?
False
Let w(x) = 5*x**2 + x. Let a be w(-1). Suppose -2*m + 64510 = 3*j - 25313, -5*j = -a*m - 149705. Is j a composite number?
True
Is (-216)/1404 - (76507749/(-13))/3 composite?
False
Suppose 7*m - 11*m = 12. Let a be 0/(m*2/(-6)). Suppose 4863 = 2*h + 2*h + 5*f, a = -h + 4*f + 1221. Is h composite?
False
Let l(c) = -137767*c - 2606. Is l(-7) prime?
False
Suppose 4*z - 5*h + h = 16800, h = 4*z - 16791. Is z prime?
False
Let k(h) = 46*h**2 - 123*h + 391. Is k(54) a prime number?
False
Suppose -82 = -19*n + 13. Suppose -4*p = -g + 591, 4*g - 1731 = n*p + 611. Is g prime?
False
Let v(m) = 16*m**2 + 28*m - 10. Let k be v(11). Suppose k = 16*p - 14*p. Is p a prime number?
True
Let k(u) = 533*u + 56. Let b be 1/(-3*-1*1/21). Is k(b) a composite number?
True
Is -4*9/36*(-4 - (-5 - -933152)) prime?
True
Let o(d) = 10428*d - 3995. Is o(23) composite?
False
Is -2 + (9 - 8) - -97302 composite?
False
Suppose 0 = -h - 0*h + 3*c + 85, -4*c = -2*h + 180. Let i be (437 - 0)/(20/h). Suppose -i - 14168 = -9*k. Is k prime?
False
Let a be (-13)/(-13) - -13*(1 + 0). Let s(r) = -2*r**3 - 18*r**2 - a + 14 + 15*r. Is s(-11) composite?
True
Is (-40)/580 + 1705840/29 a composite number?
True
Suppose 32423 = 2*z - 21937. Is (-6)/(-21) + z/28 a prime number?
True
Let t(a) = a**3 + 6*a**2 + 5*a. Let h be t(-5). Let c be h - (2 + 7 + -4). Is (-235)/(-6) + c/30 prime?
False
Let h(m) = -3*m + 21. Let w be h(9). Let z(f) = -7 + 11*f**2 + 8*f - f - 22*f. Is z(w) prime?
True
Let x(w) be the second derivative of -w**5/60 + 3067*w**3/6 - 47*w**2/2 + 23*w. Let b(u) be the first derivative of x(u). Is b(0) prime?
True
Suppose 6377 = 12*o + 2057. Is 18222/10 + o/450 a composite number?
False
Suppose -2*s + 16 = 3*v - s, 2*s = 2*v - 8. Suppose -v*n + 25 = -5*u, n = 2*u - 3*n + 2. Is 19844/36 + 2/u a composite number?
True
Suppose 3*x + 5*p + 31009 = 82479, 0 = -3*x + 2*p + 51442. Let t = x + -10191. Is t a composite number?
False
Suppose 0 = -2*x - 3*q + 19, 4*x - q - 8 = 3*q. Suppose -5*h + 12750 = -x*c, 3*h - h - 5128 = -5*c. Is h a prime number?
False
Let i = 14077 - 3074. Is i a composite number?
False
Let o(f) = -f**2 - 5*f + 8. Let b be o(-6). Let k(l) = 879*l - 882*l + 69*l**3 - 5 + 6. Is k(b) composite?
False
Let j be (0 - (-3)/24) + 248/64. Let q be (16 - 16) + 188*14/j. Suppose -2*v + 4*v = 5*d + 642, -d - q = -2*v. Is v prime?
True
Suppose 3*c = -s + 58, -3*s = -8*s - 2*c + 290. Let j = 105 + s. Is j a composite number?
False
Let l be (4/(-4))/(3/(-30)). Suppose -l*y + 2*g - 7136 = -12*y, -5*y + g + 17810 = 0. Is y a composite number?
True
Let o = 852883 + -334856. Is o a prime number?
False
Let h = -174 + 169. Is h + ((-2408)/(-3) - 8/12) a composite number?
False
Suppose 43*v = 20*v - 184. Is (6/v - 0) + (-686595)/(-84) a composite number?
True
Suppose -23*f + 27 = -20*f. Let n(c) = 6*c + 15. Is n(f) prime?
False
Suppose -4*q = -3 - 17. Suppose q*h = v - 19, -h = -v - 3*v - 19. Is (-2496)/v + -2*6/(-4) a prime number?
True
Let r = -6 - -16. Let g be (8/(-10))/((-4)/r)*-2. Let x(i) = 18*i**2 - 7*i - 5. Is x(g) prime?
True
Let u(z) = 47 + 6*z - 6 - 109*z - 4. Let y = -64 - -48. Is u(y) composite?
True
Suppose -4*t + 57583 = x, 5*x + 681 + 13699 = t. Is t a prime number?
False
Let x be -772*1/(0 + 1). Let h = -1730 - x. Is (h/5)/((-4)/10) composite?
False
Suppose 5*p = -3*k + 109, 3*k = -3*p + 4*k + 71. Suppose 3*a + 20 = -a, 3*a + p = 2*j. Suppose -41 = -2*l - j*y + 813, 0 = 2*y - 10. Is l composite?
True
Is (-1944334)/(-22) + 100/550 composite?
False
Suppose 2*n = -8, 4*n - 3*n - 2 = -3*q. Suppose -h - 2263 + 25457 = -3*t, -q*t - 69575 = -3*h. Is h prime?
False
Let w(q) = -q + 232. Let f(t) = 3*t - 695. Let a(x) = -6*f(x) - 17*w(x). Let z(c) = -7*c + 84. Let m be z(12). Is a(m) prime?
False
Let x(b) = b**2 - 20*b + 99. Let k be x(13). Is (-14)/k + 2 + 136107/4 a prime number?
False
Suppose -88*x - 28 = -95*x. Suppose 45155 = 5*d - 5*w, -5*w - 6 - x = 0. Is d a composite number?
False
Let x(k) = k**2 - 22*k + 1. Let i be x(22). Suppose -2*h - 4*b + 13 = 5, -3*h + i = -5*b. Let n(l) = 84*l**2 - 6*l + 5. Is n(h) prime?
False
Let m = 112544 + -73857. Is m prime?
False
Let f = -468 + 479. Is (-393)/9*f/(88/(-696)) a prime number?
False
Let s = 116 - 124. Let z(g) = -g**3 - g**2 + 19*g - 3. Let q(j) = -3*j**3 - 2*j**2 + 56*j - 10. Let n(i) = 6*q(i) - 17*z(i). Is n(s) prime?
True
Let f(h) = -42 + 46 + 2*h**2 - 37 + 13*h**2 - 116*h. Is f(16) a composite number?
False
Let o = -89521 + 61506. Let v = o + 50392. Is v a prime number?
False
Suppose 4*z - 3*p - 213248 = 0, 36*z - 31*z - 266541 = -p. Is z a prime number?
True
Let n(a) = -a**2 - 12*a + 23. Suppose i - 4*z = -23, z + 3*z = 12. Let q be n(i). Let h = 1001 - q. Is h prime?
True
Is 6*(-1)/87 + (-2710893)/(-29) a prime number?
True
Let q(d) = -3*d + 18. Let f be q(6). Suppose -7*a + 14*a - 38738 = f. Is a a composite number?
True
Let m(l) be the third derivative of -335*l**4/8 + 43*l**3/3 - 43*l**2. Is m(-7) prime?
True
Is (-208)/273*-506778 - (-6)/14 a prime number?
True
Let o(s) = -5*s**3 - 14*s**2 + 15*s - 4. Let v(u) = -9*u**3 - 27*u**2 + 29*u - 8. Let r(g) = 11*o(g) - 6*v(g). Is r(6) prime?
False
Let i(w) = -w**2 - 22*w + 10. Suppose 0 = 2*n - 27 + 1. Suppose -26 = -11*o + n*o. Is i(o) prime?
True
Suppose 270633 + 15032 + 77049 = 2*w. Is w composite?
True
Suppose -5*m = 8 - 13. Let q(j) = 10491*j**2 - 14*j + 16. Is q(m) prime?
False
Is -25 - ((-54)/(-9) + -92148) prime?
False
Let c be -2*1*2 + 2/1. Let f be 532/70 + c/(-5). Suppose 92 - 2980 = -f*s. Is s a composite number?
True
Let p(c) = c**2 + c - 20. Let l be p(-5). Let r be (3 - (7 - l)) + 2. Let j(m) = -151*m**3 + 2*m**2 + 2*m + 1. Is j(r) prime?
True
Suppose -12*g - 803493 + 184152 = -15*g. Is g a composite number?
False
Is (-4 - (-13 - -8)) + 2140*231 a composite number?
False
Suppose -6783776 - 3420382 + 754844 = -34*q. Is q a prime number?
False
Let o(x) = 2*x**2 - 91*x - 280. Let n be o(-3). Suppose 2*k = 3*p - 63773, n*p = 13*p + 4*k - 42510. Is p a prime number?
False
Let o(l) = -193 + 1734*l - 2841*l + 1545*l. Is o(28) prime?
True
Is ((-15018)/(-8))/(-6 + 6930/1144) a prime number?
False
Let f be 35/(-42) - (-5329)/(-6). Let d = 1077 - f. Is d a prime number?
False
Suppose -u + 5*c + 17 = c, 3*u - 23 = -2*c. Let r(g) = -314*g - 8. Let i(v) = 314*v + 7. Let o(j) = 7*i(j) + 6*r(j). Is o(u) a composite number?
True
Let m(v) = v**2 - 6*v - 20. Let l(p) = -3*p**2 + 19*p + 59. Let j(w) = -3*l(w) - 8*m(w). Let r be j(11). Suppose -362 - 953 = -r*u. Is u a composite number?
False
Suppose 6*j + 20 - 176 = 0. Suppose -j*q + 21038 = -60524. Is q a prime number?
True
Suppose 365807 = 5*f - 2*w, f - 2*w